number?
False
Is 3315179 a prime number?
False
Is 32567 a prime number?
False
Is 319 a composite number?
True
Is 13081 prime?
False
Is 37039 prime?
True
Is 265349 prime?
False
Is 3517 prime?
True
Is 7639 a composite number?
False
Is 197839 a prime number?
False
Is 3431993 prime?
True
Is 445039 composite?
True
Is 138041 composite?
False
Is 20341 a composite number?
False
Is 16147 a prime number?
False
Is 54553 a composite number?
True
Is 6737 prime?
True
Is 146627 a prime number?
False
Is 972197 prime?
True
Is 247759 prime?
True
Is 39703 composite?
False
Is 176347 prime?
True
Is 187 composite?
True
Is 790957 composite?
False
Is 81119 a prime number?
True
Is 10831 a composite number?
False
Is 258389 composite?
False
Is 574261 composite?
False
Is 9557 a composite number?
True
Is 6959 composite?
False
Is 95593 composite?
True
Is 125447 composite?
True
Is 1759 a composite number?
False
Is 89423 composite?
True
Is 4609 a composite number?
True
Is 52489 a prime number?
True
Is 14566 a prime number?
False
Is 6863 a composite number?
False
Is 985669 prime?
False
Is 10037 a composite number?
False
Is 23591 composite?
True
Is 77879 prime?
False
Is 1058203 composite?
False
Is 54869 a prime number?
True
Is 29383 a composite number?
False
Is 32117 composite?
False
Is 417237 a prime number?
False
Is 440807 composite?
False
Is 8105 a prime number?
False
Is 33851 a composite number?
False
Is 7451 prime?
True
Is 35331 a prime number?
False
Is 138055 a prime number?
False
Is 58118 composite?
True
Is 4385 prime?
False
Is 51046 a prime number?
False
Is 358811 a composite number?
False
Is 493643 prime?
True
Is 6087 composite?
True
Is 3271 composite?
False
Is 577979 a prime number?
True
Is 999683 composite?
False
Is 1994119 a prime number?
True
Is 122429 prime?
False
Is 10037 a composite number?
False
Is 125945 a composite number?
True
Is 10201 composite?
True
Is 5263 prime?
False
Is 20609 a composite number?
True
Is 570709 a prime number?
False
Is 212606 composite?
True
Is 360163 prime?
True
Is 100961 prime?
False
Is 11233 a composite number?
True
Is 4049 composite?
False
Is 64451 prime?
True
Is 930973 a prime number?
True
Is 6599 a prime number?
True
Is 253531 a prime number?
True
Is 334391 a composite number?
True
Is 5347 composite?
False
Is 21929 a prime number?
True
Is 1520567 composite?
True
Is 1757401 a prime number?
True
Is 635057 prime?
True
Is 22469 a prime number?
True
Is 295313 a prime number?
True
Is 1535 composite?
True
Is 113683 a composite number?
False
Is 9057 a composite number?
True
Is 8638953 a composite number?
True
Is 66239 prime?
True
Is 597 prime?
False
Is 519011 a prime number?
True
Is 575987 composite?
False
Is 12373 a prime number?
True
Is 306491 a composite number?
False
Is 367033 a composite number?
False
Is 720269 a composite number?
True
Is 387761 a composite number?
True
Is 99661 a composite number?
False
Is 4721 prime?
True
Is 294629 a composite number?
False
Is 15259 composite?
False
Is 11794 a prime number?
False
Is 78271 a composite number?
True
Is 9719 prime?
True
Is 125249 a prime number?
False
Is 64211 a prime number?
False
Is 232741 prime?
True
Is 20543 a prime number?
True
Is 492985 prime?
False
Is 167735 prime?
False
Is 7993 composite?
False
Is 398669 composite?
False
Is 3401 a composite number?
True
Is 12817 composite?
True
Is 1007857 prime?
True
Is 38914 composite?
True
Is 951553 a composite number?
False
Is 39407 prime?
False
Is 260567 a prime number?
False
Is 2789 a composite number?
False
Is 1004611 composite?
True
Is 59351 a composite number?
False
Is 68339 composite?
True
Is 64271 a prime number?
True
Is 121139 a composite number?
False
Is 121637 composite?
False
Is 23719 prime?
True
Is 627859 composite?
False
Is 924383 a prime number?
True
Is 3371 a prime number?
True
Is 1758349 a composite number?
True
Is 13919 a composite number?
True
Is 14321 composite?
False
Is 47927 prime?
False
Is 4751 prime?
True
Is 4903 prime?
True
Is 40094 a composite number?
True
Is 8747 composite?
False
Is 5297 a composite number?
False
Is 367273 a composite number?
False
Is 497347 composite?
True
Is 74771 prime?
True
Is 54029 a composite number?
True
Is 7560977 a composite number?
False
Is 162055 a prime number?
False
Is 142843 prime?
False
Is 326057 a composite number?
False
Is 46301 composite?
False
Is 59987 a composite number?
True
Is 87083 a prime number?
True
Is 3163 a composite number?
False
Is 37159 a prime number?
True
Is 11149 prime?
True
Is 200699 prime?
True
Is 65483 a prime number?
False
Is 10541 a prime number?
False
Is 464111 a composite number?
True
Is 134941 prime?
False
Is 204923 prime?
True
Is 77821 a prime number?
False
Is 353603 a prime number?
True
Is 15787 a composite number?
False
Is 302 a composite number?
True
Is 84913 composite?
False
Is 108271 prime?
True
Is 277213 a composite number?
False
Is 7613 prime?
False
Is 50035 a prime number?
False
Is 147523 composite?
True
Is 97673 composite?
False
Is 245561 a composite number?
False
Is 3713 a composite number?
True
Is 493 a composite number?
True
Is 418538 a prime number?
False
Is 955787 a prime number?
False
Is 85123 prime?
False
Is 5897 prime?
True
Is 190167 composite?
True
Is 1443327 composite?
True
Is 42641 composite?
False
Is 12989 composite?
True
Is 19619 a prime number?
False
Is 159062 a prime number?
False
Is 95993 prime?
False
Is 196229 prime?
False
Is 97741 a prime number?
False
Is 835 composite?
True
Is 109799 a prime number?
False
Is 307 composite?
False
Is 4331 a composite number?
True
Is 941 composite?
False
Is 32087 prime?
False
Is 355799 a prime number?
True
Is 8197 a prime number?
False
Is 14273 composite?
True
Is 298513 a prime number?
True
Is 18637 a composite number?
False
Is 65201 a composite number?
True
Is 191 composite?
False
Is 34057 a composite number?
False
Is 24491 prime?
False
Is 12071 prime?
True
Is 214941 a composite number?
True
Is 350547 a prime number?
False
Is 6537 prime?
False
Is 7151 a prime number?
True
Is 2371 composite?
False
Is 374353 a prime number?
False
Is 62747 composite?
True
Is 5747 a prime number?
False
Is 234043 a prime number?
True
Is 12491 a composite number?
False
Is 97499 prime?
True
Is 5057947 a prime number?
True
Is 5941 composite?
True
Is 323623 a prime number?
True
Is 4637 a composite number?
False
Is 13919 a composite number?
True
Is 213 a composite number?
True
Is 53107 a composite number?
True
Is 8497 prime?
False
Is 16609 composite?
True
Is 81881 a composite number?
True
Is 7727 a composite number?
False
Is 467 composite?
False
Is 15278 prime?
False
Is 119881 composite?
False
Is 230191 composite?
True
Is 154673 composite?
True
Is 4253 a prime number?
True
Is 173237 prime?
False
Is 82867 a prime number?
False
Is 120763 prime?
True
Is 133901 composite?
True
Is 2273693 a composite number?
False
Is 120751 a prime number?
False
Is 16753 a prime number?
False
Is 2349679 prime?
True
Is 258811 a prime number?
False
Is 16033 prime?
True
Is 16201 a prime number?
False
Is 52379 a prime number?
True
Is 272201 prime?
True
Is 570089 prime?
False
Is 37 a prime number?
True
Is 123545 a prime number?
False
Is 204971 composite?
True
Is 5791 a composite number?
False
Is 80897 prime?
True
Is 181 composite?
False
Is 15697 composite?
True
Is 496807 prime?
False
Is 51031 a prime number?
True
Is 467 a prime number?
True
Is 77969 prime?
True
Is 730819 a prime number?
True
Is 41113 composite?
False
Is 31879 composite?
True
Is 1270757 composite?
False
Is 1050679 a prime number?
False
Is 258157 prime?
True
Is 44753 a prime number?
True
Is 26261 prime?
True
Is 1187 prime?
True
Is 152021 a prime number?
False
Is 38281 prime?
True
Is 121 a prime number?
False
Is 65315 prime?
False
Is 17273 composite?
True
Is 73691 prime?
False
Is 3195121 prime?
True
Is 100247 composite?
True
Is 2017 composite?
False
Is 79406 composite?
True
Is 1030849 a composite number?
True
Is 29473 prime?
True
Is 119159 prime?
True
Is 2389 a prime number?
True
Is 2281 prime?
True
Is 8143 a prime number?
False
Is 8842 a prime number?
False
Is 23461 prime?
False
Is 1439147 prime?
True
Is 243929 composite?
True
Is 1867319 prime?
True
Is 733 composite?
False
Is 729737 a composite number?
False
Is 434053 composite?
True
Is 16249 prime?
True
Is 40277 a prime number?
Tr